8 a multiple of 144?
False
Does 40 divide 823720?
True
Is 362934 a multiple of 26?
True
Is 1691872 a multiple of 13?
True
Is 167661 a multiple of 39?
True
Does 38 divide 1038145?
False
Is 3 a factor of 12227?
False
Is 69 a factor of 135707?
False
Is 905222 a multiple of 20?
False
Does 194 divide 359589?
False
Is 6 a factor of 2328408?
True
Is 88 a factor of 241296?
True
Is 676 a factor of 3675707?
False
Is 60260 a multiple of 29?
False
Does 316 divide 159452?
False
Does 85 divide 2251195?
False
Is 349434 a multiple of 54?
True
Is 341 a factor of 38192?
True
Is 10262881 a multiple of 819?
False
Is 27 a factor of 156432?
False
Is 244 a factor of 6369376?
True
Is 11 a factor of 79025?
False
Does 22 divide 10138710?
False
Does 483 divide 214740?
False
Is 7 a factor of 686462?
True
Does 16 divide 1727987?
False
Is 189 a factor of 1581720?
False
Is 17702 a multiple of 106?
True
Is 223704 a multiple of 159?
False
Does 7 divide 395108?
True
Is 195624 a multiple of 33?
True
Does 39 divide 382359?
False
Is 20 a factor of 199660?
True
Is 4261011 a multiple of 311?
True
Is 314196 a multiple of 37?
False
Is 7 a factor of 13972?
True
Does 197 divide 1128219?
True
Does 65 divide 1851745?
False
Does 7 divide 56065?
False
Is 700 a factor of 4274200?
True
Is 982114 a multiple of 406?
True
Does 139 divide 5282?
True
Does 973 divide 4005841?
True
Is 53077 a multiple of 86?
False
Does 776 divide 110464?
False
Is 30 a factor of 11593067?
False
Is 48 a factor of 93210?
False
Does 741 divide 1564488?
False
Is 25 a factor of 244822?
False
Does 30 divide 10251881?
False
Does 28 divide 55048?
True
Is 76 a factor of 1028550?
False
Is 121 a factor of 743666?
True
Does 114 divide 277674?
False
Is 11 a factor of 30030?
True
Is 38 a factor of 454473?
False
Is 310591 a multiple of 13?
False
Is 30096 a multiple of 19?
True
Does 47 divide 262902?
False
Does 289 divide 1428238?
True
Does 12 divide 216228?
True
Is 3600635 a multiple of 517?
False
Does 54 divide 1616611?
False
Is 76 a factor of 622592?
True
Is 57 a factor of 131943?
False
Does 50 divide 54050?
True
Is 112 a factor of 375771?
False
Is 701 a factor of 2724086?
True
Is 20 a factor of 6296352?
False
Does 19 divide 270921?
True
Is 1254711 a multiple of 269?
False
Is 6 a factor of 4050901?
False
Is 67230 a multiple of 9?
True
Is 119465 a multiple of 5?
True
Is 4 a factor of 36164?
True
Does 12 divide 2915184?
True
Is 369 a factor of 310698?
True
Is 41220 a multiple of 12?
True
Does 66 divide 289422?
False
Does 283 divide 884375?
True
Is 26 a factor of 6916751?
False
Is 64 a factor of 355712?
True
Does 120 divide 565417?
False
Is 85 a factor of 21760?
True
Is 17204528 a multiple of 134?
True
Is 120 a factor of 68541?
False
Is 20 a factor of 242120?
True
Does 6 divide 4588?
False
Does 46 divide 345457?
False
Does 12 divide 5687556?
True
Does 263 divide 1823642?
True
Does 168 divide 1803648?
True
Is 133956 a multiple of 122?
True
Is 165830 a multiple of 46?
True
Is 3838491 a multiple of 111?
True
Is 57 a factor of 23815905?
False
Is 38416 a multiple of 14?
True
Is 9 a factor of 265534?
False
Is 13 a factor of 898235?
True
Is 110 a factor of 217910?
True
Does 11 divide 271799?
True
Is 2163288 a multiple of 6?
True
Does 51 divide 1028792?
False
Does 3 divide 7296?
True
Does 357 divide 1109456?
False
Is 29790 a multiple of 2?
True
Is 25 a factor of 4748?
False
Is 120 a factor of 194760?
True
Is 68 a factor of 12648?
True
Does 23 divide 30208752?
True
Does 23 divide 2140771?
True
Is 7822360 a multiple of 40?
True
Does 5 divide 2874645?
True
Is 931475 a multiple of 28?
False
Is 3608063 a multiple of 125?
False
Does 1072 divide 4880816?
True
Is 1624954 a multiple of 56?
False
Is 2863 a multiple of 7?
True
Does 11 divide 357678?
False
Does 207 divide 1011963?
False
Does 41 divide 436017?
False
Is 1983395 a multiple of 69?
False
Does 82 divide 567543?
False
Does 2 divide 864?
True
Is 596 a factor of 427007?
False
Is 1670788 a multiple of 57?
False
Is 177 a factor of 175698?
False
Is 4679168 a multiple of 64?
True
Does 961 divide 3437458?
False
Is 185729 a multiple of 22?
False
Is 132396 a multiple of 17?
True
Does 109 divide 237838?
True
Does 8 divide 63051?
False
Is 792 a factor of 2360952?
True
Is 58 a factor of 932650?
False
Does 16 divide 749120?
True
Is 164970 a multiple of 45?
True
Does 238 divide 106148?
True
Is 8842752 a multiple of 36?
True
Is 144287 a multiple of 13?
True
Is 186 a factor of 64356?
True
Is 6571 even?
False
Does 754 divide 508874?
False
Does 23 divide 29406696?
True
Does 44 divide 390473?
False
Does 24 divide 189504?
True
Is 15 a factor of 1711?
False
Is 893164 a multiple of 420?
False
Is 174200 a multiple of 536?
True
Is 121561 a multiple of 11?
True
Is 4 a factor of 14400?
True
Is 92 a factor of 439944?
True
Is 22035440 a multiple of 80?
True
Is 28 a factor of 581504?
True
Is 25696 a multiple of 352?
True
Does 17 divide 75038?
True
Is 3325787 a multiple of 328?
False
Is 12 a factor of 801552?
True
Is 163 a factor of 3230334?
True
Does 145 divide 501654?
False
Does 49 divide 255045?
True
Is 20020 a multiple of 154?
True
Is 4097587 a multiple of 22?
False
Is 16 a factor of 7119941?
False
Is 1915545 a multiple of 547?
False
Is 32137308 a multiple of 28?
True
Does 50 divide 4867600?
True
Is 9244 a multiple of 81?
False
Is 13970232 a multiple of 13?
False
Does 343 divide 161210?
True
Is 14641574 a multiple of 22?
False
Does 135 divide 457443?
False
Does 31 divide 838606?
False
Is 1969380 a multiple of 15?
True
Is 1048313 a multiple of 145?
False
Is 9956789 a multiple of 27?
False
Is 145350 a multiple of 85?
True
Does 12 divide 9495288?
True
Does 23 divide 1679159?
False
Is 9 a factor of 112992?
False
Is 105400 a multiple of 25?
True
Is 21 a factor of 196744?
False
Does 8 divide 1672992?
True
Does 44 divide 735457?
False
Is 306 a factor of 3369060?
True
Does 16 divide 112846?
False
Is 932092 a multiple of 26?
False
Does 123 divide 139619?
False
Is 611764 a multiple of 332?
False
Is 2794928 a multiple of 34?
False
Is 114075 a multiple of 225?
True
Is 46233 a multiple of 9?
True
Is 130 a factor of 1611350?
True
Does 10 divide 2891870?
True
Is 226 a factor of 143058?
True
Is 338 a factor of 542828?
True
Is 966714 a multiple of 350?
False
Does 13 divide 569413?
True
Is 87290 a multiple of 260?
False
Is 239827 a multiple of 7?
True
Does 82 divide 668792?
True
Does 328 divide 2208918?
False
Does 241 divide 61690?
False
Does 43 divide 465045?
True
Is 4320 a multiple of 144?
True
Is 2594 a factor of 22383626?
True
Is 1180304 a multiple of 142?
True
Is 2152722 a multiple of 507?
True
Is 1237107 a multiple of 36?
False
Is 1424331 a multiple of 21?
False
Is 9 a factor of 2036403?
True
Is 85428 a multiple of 28?
True
Is 180 a factor of 798802?
False
Does 14 divide 170?
False
Is 5 a factor of 62625?
True
Does 366 divide 25038792?
True
Is 329128 a multiple of 18?
False
Is 6682889 a multiple of 90?
False
Does 170 divide 23264?
False
Is 237060 a multiple of 20?
True
Does 94 divide 325898?
True
Does 97 divide 2433730?
True
Does 51 divide 209304?
True
Does 883 divide 830903?
True
Is 2011962 a multiple of 95?
False
Does 155 divide 1391734?
False
Is 42947 a multiple of 5?
False
Is 763768 a multiple of 11?
False
Does 739 divide 2902792?
True
Is 6129427 a multiple of 46?
False
Does 2 divide 89395?
False
Does 305 divide 398635?
True
Does 50 divide 2919100?
True
Is 7866450 a multiple of 270?
True
Is 2745770 a multiple of 181?
True
Is 87 a factor of 3406224?
True
Is 112 a factor of 11049196?
False
Does 147 divide 7094?
False
Does 214 divide 799814?
False
Is 10689 a multiple of 7?
True
Is 6613264 a multiple of 16?
True
Is 3185799 a multiple of 23?
True
Is 12 a factor of 2102881?
False
Is 4468779 a multiple of 37?
False
Is 9066338 a multiple of 144?
False
Is 365801 a multiple of 43?
True
Is 3818166 a multiple of 166?
True
Is 61 a factor of 3262302?
False
Is 4 a factor of 20805?
False
Is 36099 a multiple of 27?
True
Is 3 a factor of 45739?
False
Does 105 divide 143430?
True
Is 832516 a multiple of 371?
False
Does 15 divide 309450?
True
Does 7 divide 70728?
True
Is 1140850 a multiple of 10?
True
Is 10500378 a multiple of 14?
True
Is 15495 even?
False
Does 105 divide 82736?
False
Is 28 a factor of 132516?
False
Is 314400 a multiple of